{"id":17022,"date":"2025-10-28T15:52:27","date_gmt":"2025-10-28T15:52:27","guid":{"rendered":"https:\/\/shop.larp.net\/?post_type=product&#038;p=17022"},"modified":"2026-04-20T11:47:25","modified_gmt":"2026-04-20T11:47:25","slug":"04-09-06-09-2026-intothewoods-nightwoods","status":"publish","type":"product","link":"https:\/\/shop.larp.net\/index.php\/product\/04-09-06-09-2026-intothewoods-nightwoods\/","title":{"rendered":"04.09. \u2013 06.09.2026 | INTOTHEWOODS: Nightwoods"},"content":{"rendered":"<h2>Fantasy-Abenteurer LARP vom 04.09. \u2013 06.09.2026 auf Burg Bilstein rund um den herbstlichen Wald<\/h2>\n<p>Auch in diesem Jahr m\u00f6chten wir Dich wieder zu einem \u201e<a href=\"https:\/\/www.larp.net\/twilight-community-larp\/community-larps\/nightwoods\/\" target=\"_blank\" rel=\"noopener\">INTOTHEWOODS<\/a>\u201c (Fantasy Abenteurer LARP) einladen. Das &#8222;INTOTHEWOODS: Nightwoods&#8220; lehnt sich an die klassischen Fantasy-LARPs der 90er Jahre an und geht daher zur\u00fcck zu den Wurzeln des LARPs: Es gibt eine Geschichte, die sich wie ein roter Faden durch das Wochenende zieht, doch die eigentlichen Aufgaben sind eher viele unterschiedliche, kleine und phantastische Plots rund um den herbstlichen Wald, die sich daran anlehnen.<\/p>\n<h3>Das Setting \u00a0dieses Fantasy-LARP-Abenteuer<\/h3>\n<p>Es geht bei den INTOTHEWOODS weniger um \u201eWeltenrettung\u201c, als um einen Spielraum f\u00fcr viel actionreiches Charakter- und Ambientespiel in einem <a href=\"https:\/\/www.larp.net\/twilight-community-larp\/community-larps\/nightwoods\/charakter-informationen\/\" target=\"_blank\" rel=\"noopener\">klassischen Fantasy-Setting<\/a> der ambientigen Burg am \u00a0Waldesrand.<\/p>\n<p>Mit &#8222;INTOTHEWOODS \u2013 Nightwoods&#8220; erz\u00e4hlen wir eine m\u00e4rchenhafte Hexengeschichte rund um das Weintal &#8222;L\u00f3rinval&#8220; &#8230;<\/p>\n<h3>Con-Art<span class=\"Apple-converted-space\">\u00a0<\/span><\/h3>\n<ul>\n<li><a href=\"https:\/\/www.larp.net\/twilight-community-larp\/community-larps\/nightwoods\/\" target=\"_blank\" rel=\"noopener\">klassisches Fantasy-LARP<\/a>, bei dem Dein Charakter ein eigenst\u00e4ndiges ( nicht in eine Kampagne eingebundenes) \u00a0Abenteuer erleben kann<span class=\"Apple-converted-space\">\u00a0<\/span><\/li>\n<li>mystisches &amp; dichtes <a href=\"https:\/\/www.larp.net\/twilight-community-larp\/community-larps\/nightwoods\/charakter-informationen\/\" target=\"_blank\" rel=\"noopener\">Fantasy-Setting<\/a><\/li>\n<li>viele liebevoll erz\u00e4hlte kleine Plots im Wald, typische Fantasy-Monster, Action, K\u00e4mpfe und R\u00e4tsel<\/li>\n<li>aufw\u00e4ndige Dekoration, Kulissen, Masken, Schminke, Technik und Inszenierungen wichtiger Plotabschnitte<\/li>\n<li>Minderj\u00e4hrige Teilnehmer k\u00f6nnen mit ihren Eltern teilnehmen &#8211; hier ist es allerdings wichtig dies im Vorfeld mit uns abzustimmen.<\/li>\n<\/ul>\n<h3>Unterbringung, Verpflegung<\/h3>\n<ul>\n<li>Mehrbettzimmer der Jugendherberge <a href=\"https:\/\/www.larp.net\/twilight-community-larp\/community-larps\/nightwoods\/location-burg-bilstein\/\" target=\"_blank\" rel=\"noopener\">Burg Bilstein<\/a> bei Olpe (Belegungsw\u00fcnsche k\u00f6nnen bei der Anmeldung angegeben werden, die Zimmergr\u00f6\u00dfe betr\u00e4gt zwischen 4 bis \u00a09 Personen &#8211; spezielle Gruppenw\u00fcnsche sollten im Vorfeld via Mail angefragt werden)<\/li>\n<li>Die Spielerzimmer verf\u00fcgen \u00fcber eigene Dusche und WC, NSC-Zimmer haben Dusche und WC auf dem Gang.<\/li>\n<li>Vollverpflegung f\u00fcr alle Teilnehmer<\/li>\n<li>Wasserspender in der Burg<\/li>\n<\/ul>\n<h3>Regelsystem &amp; Charakter<\/h3>\n<ul>\n<li>24 Stunden im Spiel (Time-In)<span class=\"Apple-converted-space\">\u00a0<\/span><\/li>\n<li>Dragon-Sys Regeln, andere Regelwerke, sowie DKWDK stellen kein Problem dar, DKWD(D)K sollte sich an Rregelwerken orientieren und die Darstellung entsprechend umsetzen.<\/li>\n<li>sowohl f\u00fcr Einsteiger als auch erfahrene Spieler konzipiert, ein 2000 Punkte Spieler sollte sich allerdings immer \u00fcberlegen ob er nicht zu &#8222;alt&#8220; f\u00fcr so einfache Abenteuer wird.<\/li>\n<\/ul>\n<h3>Als NSC mitmachen<\/h3>\n<ul>\n<li><a href=\"https:\/\/www.larp.net\/twilight-community-larp\/community-larps\/nightwoods\/als-nsc-mitmachen\/\" target=\"_blank\" rel=\"noopener\">Interessante Charakter- und Festrollen<\/a>. Sprecht uns hierzu gerne an.<span class=\"Apple-converted-space\">\u00a0<\/span><\/li>\n<li>Alle NSCs sollten Interesse und die F\u00e4higkeit\/M\u00f6glichkeit besitzen an LARP-K\u00e4mpfen teilzunehmen und entsprechende Polsterwaffen haben.<\/li>\n<li>Einsteiger sollten sich im VORFELD bei uns melden und \u00fcber entsprechende Ausr\u00fcstung verf\u00fcgen &#8211; vor allem bei der \u00dcberlegung als NSC teilzunehmen ist als Einsteiger wichtig sich VOR der Anmeldung \u00a0bei uns zu melden.<\/li>\n<li>NSC-Beitrag liegt unter dem Selbstkostenpreis f\u00fcr \u00dcbernachtung und Verpflegung, ist also durch das Gesamtbudget subventioniert. NSCs sollten daher auf jeden Fall \u00fcber eine Grundausr\u00fcstung verf\u00fcgen und sich in jeder Form des NSC Spiel wohlf\u00fchlen und hier flexibel sein (Kampf, Springer, Rollen-NSC)<\/li>\n<\/ul>\n<h3><strong>Alle ausf\u00fchrlichen Infos zum &#8222;INTOTHEWOODS \u2013 Nightwoods&#8220;<\/strong><\/h3>\n<p><a href=\"https:\/\/www.larp.net\/twilight-community-larp\/community-larps\/nightwoods\/\" target=\"_blank\" rel=\"noopener\">https:\/\/www.larp.net\/twilight-community-larp\/community-larps\/nightwoods\/<\/a><\/p>\n","protected":false},"excerpt":{"rendered":"<p>Fantasy-Abenteurer LARP vom 04.09. \u2013 06.09.2026 auf Burg Bilstein rund um den herbstlichen Wald Auch in diesem Jahr m\u00f6chten wir Dich wieder zu einem \u201eINTOTHEWOODS\u201c (Fantasy Abenteurer LARP) einladen. Das &#8222;INTOTHEWOODS: Nightwoods&#8220; lehnt sich an die klassischen Fantasy-LARPs der 90er Jahre an und geht daher zur\u00fcck zu den Wurzeln des LARPs: Es gibt eine Geschichte, [&hellip;]<\/p>\n","protected":false},"author":1,"featured_media":17027,"template":"","meta":[],"product_brand":[],"product_cat":[19],"product_tag":[32,26,21,31,33,20],"class_list":{"0":"post-17022","1":"product","2":"type-product","3":"status-publish","4":"has-post-thumbnail","6":"product_cat-community-larps","7":"product_tag-abenteurer-con","8":"product_tag-burgen-con","9":"product_tag-fantasy","10":"product_tag-fantasy-con","11":"product_tag-herbst-con","12":"product_tag-larp","14":"first","15":"instock","16":"featured","17":"shipping-taxable","18":"purchasable","19":"product-type-variable"},"yoast_head":"<!-- This site is optimized with the Yoast SEO plugin v27.4 - https:\/\/yoast.com\/product\/yoast-seo-wordpress\/ -->\n<title>04.09. \u2013 06.09.2026 | INTOTHEWOODS: Nightwoods -<\/title>\n<meta name=\"description\" content=\"INTOTHEWOODS &quot;Nightwoods&quot; \u2013 Fantasy Abenteurer LARP rund um den herbstlichen Wald und die Burg vom 04.09. \u2013 06.09.2026 auf Burg Bilstein\" \/>\n<meta name=\"robots\" content=\"index, follow, max-snippet:-1, max-image-preview:large, max-video-preview:-1\" \/>\n<link rel=\"canonical\" href=\"https:\/\/shop.larp.net\/index.php\/product\/04-09-06-09-2026-intothewoods-nightwoods\/\" \/>\n<meta property=\"og:locale\" content=\"de_DE\" \/>\n<meta property=\"og:type\" content=\"article\" \/>\n<meta property=\"og:title\" content=\"INTOTHEWOODS: Nightwoods (Fantasy Abenteurer LARP vom 04.09. \u2013 06.09.2026 auf Burg Bilstein)\" \/>\n<meta property=\"og:description\" content=\"In diesem Jahr m\u00f6chten wir Dich wieder zu einem\u00a0\u201eINTOTHEWOODS\u201c (Fantasy Abenteurer LARP) einladen. Das &quot;Nightwoods&quot; lehnt sich an die klassischen Fantasy-LARPs\u00a0der 90er Jahre an und geht daher zur\u00fcck zu den Wurzeln des LARPs: Es gibt eine Geschichte, die sich wie ein roter Faden durch das Wochenende zieht, doch\u00a0die eigentlichen Aufgaben sind eher viele unterschiedliche, kleine und phantastische Plots rund um den herbstlichen Wald, die sich daran anlehnen.\" \/>\n<meta property=\"og:url\" content=\"https:\/\/shop.larp.net\/index.php\/product\/04-09-06-09-2026-intothewoods-nightwoods\/\" \/>\n<meta property=\"og:site_name\" content=\"LARP.net Shop\" \/>\n<meta property=\"article:modified_time\" content=\"2026-04-20T11:47:25+00:00\" \/>\n<meta property=\"og:image\" content=\"https:\/\/shop.larp.net\/wp-content\/uploads\/2025\/10\/intothewoods_nightwoods_facebook_og.jpg\" \/>\n\t<meta property=\"og:image:width\" content=\"1200\" \/>\n\t<meta property=\"og:image:height\" content=\"630\" \/>\n\t<meta property=\"og:image:type\" content=\"image\/jpeg\" \/>\n<meta name=\"twitter:card\" content=\"summary_large_image\" \/>\n<meta name=\"twitter:title\" content=\"INTOTHEWOODS: Nightwoods (Fantasy Abenteurer LARP vom 04.09. \u2013 06.09.2026 auf Burg Bilstein)\" \/>\n<meta name=\"twitter:description\" content=\"In diesem Jahr m\u00f6chten wir Dich wieder zu einem\u00a0\u201eINTOTHEWOODS\u201c (Fantasy Abenteurer LARP) einladen. Das &quot;Nightwoods&quot; lehnt sich an die klassischen Fantasy-LARPs\u00a0der 90er Jahre an und geht daher zur\u00fcck zu den Wurzeln des LARPs: Es gibt eine Geschichte, die sich wie ein roter Faden durch das Wochenende zieht, doch\u00a0die eigentlichen Aufgaben sind eher viele unterschiedliche, kleine und phantastische Plots rund um den herbstlichen Wald, die sich daran anlehnen.\" \/>\n<meta name=\"twitter:image\" content=\"https:\/\/shop.larp.net\/wp-content\/uploads\/2025\/10\/intothewoods_nightwoods_facebook_og.jpg\" \/>\n<meta name=\"twitter:label1\" content=\"Gesch\u00e4tzte Lesezeit\" \/>\n\t<meta name=\"twitter:data1\" content=\"4\u00a0Minuten\" \/>\n<script type=\"application\/ld+json\" class=\"yoast-schema-graph\">{\"@context\":\"https:\\\/\\\/schema.org\",\"@graph\":[{\"@type\":\"WebPage\",\"@id\":\"https:\\\/\\\/shop.larp.net\\\/index.php\\\/product\\\/04-09-06-09-2026-intothewoods-nightwoods\\\/\",\"url\":\"https:\\\/\\\/shop.larp.net\\\/index.php\\\/product\\\/04-09-06-09-2026-intothewoods-nightwoods\\\/\",\"name\":\"04.09. \u2013 06.09.2026 | INTOTHEWOODS: Nightwoods -\",\"isPartOf\":{\"@id\":\"https:\\\/\\\/shop.larp.net\\\/#website\"},\"primaryImageOfPage\":{\"@id\":\"https:\\\/\\\/shop.larp.net\\\/index.php\\\/product\\\/04-09-06-09-2026-intothewoods-nightwoods\\\/#primaryimage\"},\"image\":{\"@id\":\"https:\\\/\\\/shop.larp.net\\\/index.php\\\/product\\\/04-09-06-09-2026-intothewoods-nightwoods\\\/#primaryimage\"},\"thumbnailUrl\":\"https:\\\/\\\/shop.larp.net\\\/wp-content\\\/uploads\\\/2025\\\/10\\\/INTOTHEWOODS-Nightwoods-fantasy-abenteurer-larp-vom-04-09-bis-06-09-2026-auf-burg-bilstein.jpg\",\"datePublished\":\"2025-10-28T15:52:27+00:00\",\"dateModified\":\"2026-04-20T11:47:25+00:00\",\"description\":\"INTOTHEWOODS \\\"Nightwoods\\\" \u2013 Fantasy Abenteurer LARP rund um den herbstlichen Wald und die Burg vom 04.09. \u2013 06.09.2026 auf Burg Bilstein\",\"breadcrumb\":{\"@id\":\"https:\\\/\\\/shop.larp.net\\\/index.php\\\/product\\\/04-09-06-09-2026-intothewoods-nightwoods\\\/#breadcrumb\"},\"inLanguage\":\"de\",\"potentialAction\":[{\"@type\":\"ReadAction\",\"target\":[\"https:\\\/\\\/shop.larp.net\\\/index.php\\\/product\\\/04-09-06-09-2026-intothewoods-nightwoods\\\/\"]}]},{\"@type\":\"ImageObject\",\"inLanguage\":\"de\",\"@id\":\"https:\\\/\\\/shop.larp.net\\\/index.php\\\/product\\\/04-09-06-09-2026-intothewoods-nightwoods\\\/#primaryimage\",\"url\":\"https:\\\/\\\/shop.larp.net\\\/wp-content\\\/uploads\\\/2025\\\/10\\\/INTOTHEWOODS-Nightwoods-fantasy-abenteurer-larp-vom-04-09-bis-06-09-2026-auf-burg-bilstein.jpg\",\"contentUrl\":\"https:\\\/\\\/shop.larp.net\\\/wp-content\\\/uploads\\\/2025\\\/10\\\/INTOTHEWOODS-Nightwoods-fantasy-abenteurer-larp-vom-04-09-bis-06-09-2026-auf-burg-bilstein.jpg\",\"width\":2480,\"height\":2480,\"caption\":\"INTOTHEWOODS: Nightwoods (Fantasy-Abenteurer-LARP vom 04.09. \u2013 06.09.2026 auf Burg Bilstein bei Olpe)\"},{\"@type\":\"BreadcrumbList\",\"@id\":\"https:\\\/\\\/shop.larp.net\\\/index.php\\\/product\\\/04-09-06-09-2026-intothewoods-nightwoods\\\/#breadcrumb\",\"itemListElement\":[{\"@type\":\"ListItem\",\"position\":1,\"name\":\"Home\",\"item\":\"https:\\\/\\\/shop.larp.net\\\/\"},{\"@type\":\"ListItem\",\"position\":2,\"name\":\"Herzlich willkommen im Shop von LARP.net\",\"item\":\"https:\\\/\\\/shop.larp.net\\\/\"},{\"@type\":\"ListItem\",\"position\":3,\"name\":\"04.09. \u2013 06.09.2026 | INTOTHEWOODS: Nightwoods\"}]},{\"@type\":\"WebSite\",\"@id\":\"https:\\\/\\\/shop.larp.net\\\/#website\",\"url\":\"https:\\\/\\\/shop.larp.net\\\/\",\"name\":\"LARP.net Shop\",\"description\":\"LARP Veranstaltungen seit 1995\",\"publisher\":{\"@id\":\"https:\\\/\\\/shop.larp.net\\\/#organization\"},\"potentialAction\":[{\"@type\":\"SearchAction\",\"target\":{\"@type\":\"EntryPoint\",\"urlTemplate\":\"https:\\\/\\\/shop.larp.net\\\/?s={search_term_string}\"},\"query-input\":{\"@type\":\"PropertyValueSpecification\",\"valueRequired\":true,\"valueName\":\"search_term_string\"}}],\"inLanguage\":\"de\"},{\"@type\":\"Organization\",\"@id\":\"https:\\\/\\\/shop.larp.net\\\/#organization\",\"name\":\"LARP.net Shop\",\"url\":\"https:\\\/\\\/shop.larp.net\\\/\",\"logo\":{\"@type\":\"ImageObject\",\"inLanguage\":\"de\",\"@id\":\"https:\\\/\\\/shop.larp.net\\\/#\\\/schema\\\/logo\\\/image\\\/\",\"url\":\"https:\\\/\\\/shop.larp.net\\\/wp-content\\\/uploads\\\/2021\\\/05\\\/cropped-larp-net-portal-logo-xpred.png\",\"contentUrl\":\"https:\\\/\\\/shop.larp.net\\\/wp-content\\\/uploads\\\/2021\\\/05\\\/cropped-larp-net-portal-logo-xpred.png\",\"width\":1370,\"height\":321,\"caption\":\"LARP.net Shop\"},\"image\":{\"@id\":\"https:\\\/\\\/shop.larp.net\\\/#\\\/schema\\\/logo\\\/image\\\/\"}}]}<\/script>\n<!-- \/ Yoast SEO plugin. -->","yoast_head_json":{"title":"04.09. \u2013 06.09.2026 | INTOTHEWOODS: Nightwoods -","description":"INTOTHEWOODS \"Nightwoods\" \u2013 Fantasy Abenteurer LARP rund um den herbstlichen Wald und die Burg vom 04.09. \u2013 06.09.2026 auf Burg Bilstein","robots":{"index":"index","follow":"follow","max-snippet":"max-snippet:-1","max-image-preview":"max-image-preview:large","max-video-preview":"max-video-preview:-1"},"canonical":"https:\/\/shop.larp.net\/index.php\/product\/04-09-06-09-2026-intothewoods-nightwoods\/","og_locale":"de_DE","og_type":"article","og_title":"INTOTHEWOODS: Nightwoods (Fantasy Abenteurer LARP vom 04.09. \u2013 06.09.2026 auf Burg Bilstein)","og_description":"In diesem Jahr m\u00f6chten wir Dich wieder zu einem\u00a0\u201eINTOTHEWOODS\u201c (Fantasy Abenteurer LARP) einladen. Das \"Nightwoods\" lehnt sich an die klassischen Fantasy-LARPs\u00a0der 90er Jahre an und geht daher zur\u00fcck zu den Wurzeln des LARPs: Es gibt eine Geschichte, die sich wie ein roter Faden durch das Wochenende zieht, doch\u00a0die eigentlichen Aufgaben sind eher viele unterschiedliche, kleine und phantastische Plots rund um den herbstlichen Wald, die sich daran anlehnen.","og_url":"https:\/\/shop.larp.net\/index.php\/product\/04-09-06-09-2026-intothewoods-nightwoods\/","og_site_name":"LARP.net Shop","article_modified_time":"2026-04-20T11:47:25+00:00","og_image":[{"width":1200,"height":630,"url":"https:\/\/shop.larp.net\/wp-content\/uploads\/2025\/10\/intothewoods_nightwoods_facebook_og.jpg","type":"image\/jpeg"}],"twitter_card":"summary_large_image","twitter_title":"INTOTHEWOODS: Nightwoods (Fantasy Abenteurer LARP vom 04.09. \u2013 06.09.2026 auf Burg Bilstein)","twitter_description":"In diesem Jahr m\u00f6chten wir Dich wieder zu einem\u00a0\u201eINTOTHEWOODS\u201c (Fantasy Abenteurer LARP) einladen. Das \"Nightwoods\" lehnt sich an die klassischen Fantasy-LARPs\u00a0der 90er Jahre an und geht daher zur\u00fcck zu den Wurzeln des LARPs: Es gibt eine Geschichte, die sich wie ein roter Faden durch das Wochenende zieht, doch\u00a0die eigentlichen Aufgaben sind eher viele unterschiedliche, kleine und phantastische Plots rund um den herbstlichen Wald, die sich daran anlehnen.","twitter_image":"https:\/\/shop.larp.net\/wp-content\/uploads\/2025\/10\/intothewoods_nightwoods_facebook_og.jpg","twitter_misc":{"Gesch\u00e4tzte Lesezeit":"4\u00a0Minuten"},"schema":{"@context":"https:\/\/schema.org","@graph":[{"@type":"WebPage","@id":"https:\/\/shop.larp.net\/index.php\/product\/04-09-06-09-2026-intothewoods-nightwoods\/","url":"https:\/\/shop.larp.net\/index.php\/product\/04-09-06-09-2026-intothewoods-nightwoods\/","name":"04.09. \u2013 06.09.2026 | INTOTHEWOODS: Nightwoods -","isPartOf":{"@id":"https:\/\/shop.larp.net\/#website"},"primaryImageOfPage":{"@id":"https:\/\/shop.larp.net\/index.php\/product\/04-09-06-09-2026-intothewoods-nightwoods\/#primaryimage"},"image":{"@id":"https:\/\/shop.larp.net\/index.php\/product\/04-09-06-09-2026-intothewoods-nightwoods\/#primaryimage"},"thumbnailUrl":"https:\/\/shop.larp.net\/wp-content\/uploads\/2025\/10\/INTOTHEWOODS-Nightwoods-fantasy-abenteurer-larp-vom-04-09-bis-06-09-2026-auf-burg-bilstein.jpg","datePublished":"2025-10-28T15:52:27+00:00","dateModified":"2026-04-20T11:47:25+00:00","description":"INTOTHEWOODS \"Nightwoods\" \u2013 Fantasy Abenteurer LARP rund um den herbstlichen Wald und die Burg vom 04.09. \u2013 06.09.2026 auf Burg Bilstein","breadcrumb":{"@id":"https:\/\/shop.larp.net\/index.php\/product\/04-09-06-09-2026-intothewoods-nightwoods\/#breadcrumb"},"inLanguage":"de","potentialAction":[{"@type":"ReadAction","target":["https:\/\/shop.larp.net\/index.php\/product\/04-09-06-09-2026-intothewoods-nightwoods\/"]}]},{"@type":"ImageObject","inLanguage":"de","@id":"https:\/\/shop.larp.net\/index.php\/product\/04-09-06-09-2026-intothewoods-nightwoods\/#primaryimage","url":"https:\/\/shop.larp.net\/wp-content\/uploads\/2025\/10\/INTOTHEWOODS-Nightwoods-fantasy-abenteurer-larp-vom-04-09-bis-06-09-2026-auf-burg-bilstein.jpg","contentUrl":"https:\/\/shop.larp.net\/wp-content\/uploads\/2025\/10\/INTOTHEWOODS-Nightwoods-fantasy-abenteurer-larp-vom-04-09-bis-06-09-2026-auf-burg-bilstein.jpg","width":2480,"height":2480,"caption":"INTOTHEWOODS: Nightwoods (Fantasy-Abenteurer-LARP vom 04.09. \u2013 06.09.2026 auf Burg Bilstein bei Olpe)"},{"@type":"BreadcrumbList","@id":"https:\/\/shop.larp.net\/index.php\/product\/04-09-06-09-2026-intothewoods-nightwoods\/#breadcrumb","itemListElement":[{"@type":"ListItem","position":1,"name":"Home","item":"https:\/\/shop.larp.net\/"},{"@type":"ListItem","position":2,"name":"Herzlich willkommen im Shop von LARP.net","item":"https:\/\/shop.larp.net\/"},{"@type":"ListItem","position":3,"name":"04.09. \u2013 06.09.2026 | INTOTHEWOODS: Nightwoods"}]},{"@type":"WebSite","@id":"https:\/\/shop.larp.net\/#website","url":"https:\/\/shop.larp.net\/","name":"LARP.net Shop","description":"LARP Veranstaltungen seit 1995","publisher":{"@id":"https:\/\/shop.larp.net\/#organization"},"potentialAction":[{"@type":"SearchAction","target":{"@type":"EntryPoint","urlTemplate":"https:\/\/shop.larp.net\/?s={search_term_string}"},"query-input":{"@type":"PropertyValueSpecification","valueRequired":true,"valueName":"search_term_string"}}],"inLanguage":"de"},{"@type":"Organization","@id":"https:\/\/shop.larp.net\/#organization","name":"LARP.net Shop","url":"https:\/\/shop.larp.net\/","logo":{"@type":"ImageObject","inLanguage":"de","@id":"https:\/\/shop.larp.net\/#\/schema\/logo\/image\/","url":"https:\/\/shop.larp.net\/wp-content\/uploads\/2021\/05\/cropped-larp-net-portal-logo-xpred.png","contentUrl":"https:\/\/shop.larp.net\/wp-content\/uploads\/2021\/05\/cropped-larp-net-portal-logo-xpred.png","width":1370,"height":321,"caption":"LARP.net Shop"},"image":{"@id":"https:\/\/shop.larp.net\/#\/schema\/logo\/image\/"}}]}},"jetpack_sharing_enabled":true,"_links":{"self":[{"href":"https:\/\/shop.larp.net\/index.php\/wp-json\/wp\/v2\/product\/17022","targetHints":{"allow":["GET"]}}],"collection":[{"href":"https:\/\/shop.larp.net\/index.php\/wp-json\/wp\/v2\/product"}],"about":[{"href":"https:\/\/shop.larp.net\/index.php\/wp-json\/wp\/v2\/types\/product"}],"author":[{"embeddable":true,"href":"https:\/\/shop.larp.net\/index.php\/wp-json\/wp\/v2\/users\/1"}],"wp:featuredmedia":[{"embeddable":true,"href":"https:\/\/shop.larp.net\/index.php\/wp-json\/wp\/v2\/media\/17027"}],"wp:attachment":[{"href":"https:\/\/shop.larp.net\/index.php\/wp-json\/wp\/v2\/media?parent=17022"}],"wp:term":[{"taxonomy":"product_brand","embeddable":true,"href":"https:\/\/shop.larp.net\/index.php\/wp-json\/wp\/v2\/product_brand?post=17022"},{"taxonomy":"product_cat","embeddable":true,"href":"https:\/\/shop.larp.net\/index.php\/wp-json\/wp\/v2\/product_cat?post=17022"},{"taxonomy":"product_tag","embeddable":true,"href":"https:\/\/shop.larp.net\/index.php\/wp-json\/wp\/v2\/product_tag?post=17022"}],"curies":[{"name":"wp","href":"https:\/\/api.w.org\/{rel}","templated":true}]}}