{"id":17109,"date":"2025-10-31T15:38:17","date_gmt":"2025-10-31T15:38:17","guid":{"rendered":"https:\/\/shop.larp.net\/?post_type=product&#038;p=17109"},"modified":"2026-04-26T10:15:23","modified_gmt":"2026-04-26T10:15:23","slug":"30-05-2026-die-katakomben-fantasy-larp-abend-im-alten-fort-in-koeln","status":"publish","type":"product","link":"https:\/\/shop.larp.net\/index.php\/product\/30-05-2026-die-katakomben-fantasy-larp-abend-im-alten-fort-in-koeln\/","title":{"rendered":"30.05.2026: Die KATAKOMBEN (Fantasy LARP Abend im alten Fort in K\u00f6ln)"},"content":{"rendered":"<h3>Einfach und unkompliziert larpen: die KATAKOMBEN, ein Fantasy Liverollenspiel Abend in K\u00f6ln.<\/h3>\n<p>LARP ist f\u00fcr uns ein tolles und vielschichtiges Hobby. Die Katakomben bieten im Bereich Fantasy LARP sowohl erfahrenen Spielern, Einsteigern, LARP-Interessierten als auch Gruppen die Spielfl\u00e4che f\u00fcr interaktives und individuelles Live Rollenspiel.<\/p>\n<p>Die Veranstaltung findet auf dem\u00a0\u00a0<a href=\"https:\/\/www.larp.net\/twilight-community-larp\/community-larps\/the-dark-tavern\/location-dark-tavern-die-katakomben\/\" target=\"_blank\" rel=\"noopener\">Gel\u00e4nde des alten Forts in K\u00f6ln<\/a>\u00a0statt und bietet mit weitl\u00e4ufigen Indoor- als auch Outdoor Bereich eine vielseitige und wetterunabh\u00e4ngige Spielfl\u00e4che. Die sanit\u00e4ren Anlagen sind nat\u00fcrlich (auch) barrierefrei.<\/p>\n<p>Selbstverst\u00e4ndlich bleibt auch weiter Raum f\u00fcr eigenes Charakter und Gruppenspiel im Rahmen einer klassischen Taverne. \u00a0Auftraggeber finden, Ausr\u00fcstung reparieren, Met trinken, Barden lauschen, \u00a0Lagerfeuer Stimmung, Geschichten erz\u00e4hlen und Abenteuer suchen&#8230;<\/p>\n<h3><img loading=\"lazy\" decoding=\"async\" class=\"alignleft wp-image-2193 size-large\" src=\"https:\/\/shop.larp.net\/wp-content\/uploads\/2021\/12\/Katakomben_11-2019-216-1024x683.jpg\" alt=\"LARP Spieler an Tisch in den Katakomben in K\u00f6ln\" width=\"980\" height=\"654\" srcset=\"https:\/\/shop.larp.net\/wp-content\/uploads\/2021\/12\/Katakomben_11-2019-216-1024x683.jpg 1024w, https:\/\/shop.larp.net\/wp-content\/uploads\/2021\/12\/Katakomben_11-2019-216-416x277.jpg 416w, https:\/\/shop.larp.net\/wp-content\/uploads\/2021\/12\/Katakomben_11-2019-216-300x200.jpg 300w, https:\/\/shop.larp.net\/wp-content\/uploads\/2021\/12\/Katakomben_11-2019-216-768x512.jpg 768w, https:\/\/shop.larp.net\/wp-content\/uploads\/2021\/12\/Katakomben_11-2019-216.jpg 1200w\" sizes=\"auto, (max-width: 980px) 100vw, 980px\" \/><\/h3>\n<h3>Eine typische Fantasy-LARP Taverne zur Einkehr f\u00fcr Deinen Charakter<\/h3>\n<p>Nat\u00fcrlich bleibt es dabei, dass \u201eDie KATAKOMBEN\u201c f\u00fcr <a href=\"https:\/\/www.larp.net\/twilight-community-larp\/community-larps\/the-dark-tavern\/in-time-infos\/\" target=\"_blank\" rel=\"noopener\">Deinen LARP-Charakter<\/a> eine Taverne ist, in der Du Dir einen sch\u00f6nen Platz suchst, die Stimmung aufnimmst, Deine Gesch\u00e4fte oder Aufgaben erledigst, die auf Cons manchmal liegen bleiben, und auch in Deiner Gruppe spielen kannst.<\/p>\n<p>Neu ist, dass Du gerne Deine eigenen Getr\u00e4nke und Speisen mitbringen kannst (wir setzen hier auf einen verantwortungsvollen Umgang mit Alkohol).<\/p>\n<p>Zus\u00e4tzlich werde wir jetzt aber auch mit mehr Spielleitungen vor Ort sein und haben entsprechend das Augenmerk auf sch\u00f6nes und konsequentes Rollenspiel, Hilfe bei euren Spielans\u00e4tzen und gesteuerte Spielimpulse gelegt. Das alles soll Dir die M\u00f6glichkeit geben, auch ein wenig mehr \u00fcber den Hintergrund der Katakomben und unserer Spielwelten zu erfahren.<\/p>\n<h4><b>Ausf\u00fchrliche Informationen zu den &#8222;KATAKOMBEN&#8220;\u00a0<\/b><\/h4>\n<blockquote class=\"wp-embedded-content\" data-secret=\"eBGpuERCN0\"><p><a href=\"https:\/\/www.larp.net\/twilight-community-larp\/community-larps\/die-katakomben-grosse-fantasy-larp-taverne-in-koeln\/\">DIE KATAKOMBEN \u2013 Fantasy LARP Abend im alten Fort in K\u00f6ln<\/a><\/p><\/blockquote>\n<p><iframe loading=\"lazy\" class=\"wp-embedded-content\" sandbox=\"allow-scripts\" security=\"restricted\" style=\"position: absolute; visibility: hidden;\" title=\"&#8222;DIE KATAKOMBEN \u2013 Fantasy LARP Abend im alten Fort in K\u00f6ln&#8220; &#8211; LARP.net \u2013 LARP seit 1995\" src=\"https:\/\/www.larp.net\/twilight-community-larp\/community-larps\/die-katakomben-grosse-fantasy-larp-taverne-in-koeln\/embed\/#?secret=da5e1EmNF3#?secret=eBGpuERCN0\" data-secret=\"eBGpuERCN0\" width=\"600\" height=\"338\" frameborder=\"0\" marginwidth=\"0\" marginheight=\"0\" scrolling=\"no\"><\/iframe><\/p>\n","protected":false},"excerpt":{"rendered":"<p>DIE KATAKOMBEN \u2013 Fantasy LARP Abend im alten Fort in K\u00f6ln<br \/>\n&gt;&gt; <a href=\"https:\/\/www.larp.net\/twilight-community-larp\/community-larps\/die-katakomben-grosse-fantasy-larp-taverne-in-koeln\/\" target=\"_blank\" rel=\"noopener\">Website der KATAKOMBEN<\/a><\/p>\n","protected":false},"author":1,"featured_media":3736,"template":"","meta":[],"product_brand":[],"product_cat":[19,34],"product_tag":[39,37,38,20,36,25,35],"class_list":{"0":"post-17109","1":"product","2":"type-product","3":"status-publish","4":"has-post-thumbnail","6":"product_cat-community-larps","7":"product_cat-larp-taverne","8":"product_tag-die-katakomben","9":"product_tag-fantasy-taverne","10":"product_tag-katakomben","11":"product_tag-larp","12":"product_tag-larp-taverne","13":"product_tag-liverollenspiel","14":"product_tag-taverne","16":"first","17":"instock","18":"shipping-taxable","19":"purchasable","20":"product-type-variable"},"yoast_head":"<!-- This site is optimized with the Yoast SEO plugin v27.4 - https:\/\/yoast.com\/product\/yoast-seo-wordpress\/ -->\n<title>30.05.2026: Die KATAKOMBEN (Fantasy LARP Abend im alten Fort in K\u00f6ln)<\/title>\n<meta name=\"description\" content=\"Fantasy-LARP Abend (LARP Taverne) mit Con-Flair in historischer Location monatlich im tollen Ambiente des alten Forts in K\u00f6ln\" \/>\n<meta name=\"robots\" content=\"index, follow, max-snippet:-1, max-image-preview:large, max-video-preview:-1\" \/>\n<link rel=\"canonical\" href=\"https:\/\/shop.larp.net\/index.php\/product\/30-05-2026-die-katakomben-fantasy-larp-abend-im-alten-fort-in-koeln\/\" \/>\n<meta property=\"og:locale\" content=\"de_DE\" \/>\n<meta property=\"og:type\" content=\"article\" \/>\n<meta property=\"og:title\" content=\"DIE KATAKOMBEN - Fantasy LARP Abend im alten Fort in K\u00f6ln\" \/>\n<meta property=\"og:description\" content=\"Du hast nicht immer Zeit, um ein ganzes Wochenende zu larpen, m\u00f6chtest aber nicht auf Deine Community verzichten, Freunde treffen und einfach einen Abend lang larpen? Mit den KATAKOMBEN bieten wir Dir mit einem LARP Abend im Herzen von K\u00f6ln eine unkomplizierte M\u00f6glichkeit dazu.\" \/>\n<meta property=\"og:url\" content=\"https:\/\/shop.larp.net\/index.php\/product\/30-05-2026-die-katakomben-fantasy-larp-abend-im-alten-fort-in-koeln\/\" \/>\n<meta property=\"og:site_name\" content=\"LARP.net Shop\" \/>\n<meta property=\"article:modified_time\" content=\"2026-04-26T10:15:23+00:00\" \/>\n<meta property=\"og:image\" content=\"https:\/\/shop.larp.net\/wp-content\/uploads\/2022\/03\/desktop-wallpaper-die-katakomben-larp-taverne-altes-fort-koeln.jpg\" \/>\n\t<meta property=\"og:image:width\" content=\"1640\" \/>\n\t<meta property=\"og:image:height\" content=\"856\" \/>\n\t<meta property=\"og:image:type\" content=\"image\/jpeg\" \/>\n<meta name=\"twitter:card\" content=\"summary_large_image\" \/>\n<meta name=\"twitter:title\" content=\"DIE KATAKOMBEN \u2013 Fantasy LARP-Abend (Taverne) im alten Fort in K\u00f6ln\" \/>\n<meta name=\"twitter:description\" content=\"Du hast nicht immer Zeit, um ein ganzes Wochenende zu larpen, m\u00f6chtest aber nicht auf Deine Community verzichten, Freunde treffen und einfach einen Abend lang larpen? Mit den KATAKOMBEN bieten wir Dir mit einem LARP Abend im Herzen von K\u00f6ln eine unkomplizierte M\u00f6glichkeit dazu.\" \/>\n<meta name=\"twitter:image\" content=\"https:\/\/shop.larp.net\/wp-content\/uploads\/2022\/03\/desktop-wallpaper-die-katakomben-larp-taverne-altes-fort-koeln.jpg\" \/>\n<meta name=\"twitter:label1\" content=\"Gesch\u00e4tzte Lesezeit\" \/>\n\t<meta name=\"twitter:data1\" content=\"3\u00a0Minuten\" \/>\n<script type=\"application\/ld+json\" class=\"yoast-schema-graph\">{\"@context\":\"https:\\\/\\\/schema.org\",\"@graph\":[{\"@type\":\"WebPage\",\"@id\":\"https:\\\/\\\/shop.larp.net\\\/index.php\\\/product\\\/30-05-2026-die-katakomben-fantasy-larp-abend-im-alten-fort-in-koeln\\\/\",\"url\":\"https:\\\/\\\/shop.larp.net\\\/index.php\\\/product\\\/30-05-2026-die-katakomben-fantasy-larp-abend-im-alten-fort-in-koeln\\\/\",\"name\":\"30.05.2026: Die KATAKOMBEN (Fantasy LARP Abend im alten Fort in K\u00f6ln)\",\"isPartOf\":{\"@id\":\"https:\\\/\\\/shop.larp.net\\\/#website\"},\"primaryImageOfPage\":{\"@id\":\"https:\\\/\\\/shop.larp.net\\\/index.php\\\/product\\\/30-05-2026-die-katakomben-fantasy-larp-abend-im-alten-fort-in-koeln\\\/#primaryimage\"},\"image\":{\"@id\":\"https:\\\/\\\/shop.larp.net\\\/index.php\\\/product\\\/30-05-2026-die-katakomben-fantasy-larp-abend-im-alten-fort-in-koeln\\\/#primaryimage\"},\"thumbnailUrl\":\"https:\\\/\\\/shop.larp.net\\\/wp-content\\\/uploads\\\/2022\\\/10\\\/die-katakomben-fantasy-larp-abend-im-alten-fort-in-koeln-mai.jpg\",\"datePublished\":\"2025-10-31T15:38:17+00:00\",\"dateModified\":\"2026-04-26T10:15:23+00:00\",\"description\":\"Fantasy-LARP Abend (LARP Taverne) mit Con-Flair in historischer Location monatlich im tollen Ambiente des alten Forts in K\u00f6ln\",\"breadcrumb\":{\"@id\":\"https:\\\/\\\/shop.larp.net\\\/index.php\\\/product\\\/30-05-2026-die-katakomben-fantasy-larp-abend-im-alten-fort-in-koeln\\\/#breadcrumb\"},\"inLanguage\":\"de\",\"potentialAction\":[{\"@type\":\"ReadAction\",\"target\":[\"https:\\\/\\\/shop.larp.net\\\/index.php\\\/product\\\/30-05-2026-die-katakomben-fantasy-larp-abend-im-alten-fort-in-koeln\\\/\"]}]},{\"@type\":\"ImageObject\",\"inLanguage\":\"de\",\"@id\":\"https:\\\/\\\/shop.larp.net\\\/index.php\\\/product\\\/30-05-2026-die-katakomben-fantasy-larp-abend-im-alten-fort-in-koeln\\\/#primaryimage\",\"url\":\"https:\\\/\\\/shop.larp.net\\\/wp-content\\\/uploads\\\/2022\\\/10\\\/die-katakomben-fantasy-larp-abend-im-alten-fort-in-koeln-mai.jpg\",\"contentUrl\":\"https:\\\/\\\/shop.larp.net\\\/wp-content\\\/uploads\\\/2022\\\/10\\\/die-katakomben-fantasy-larp-abend-im-alten-fort-in-koeln-mai.jpg\",\"width\":1280,\"height\":1280,\"caption\":\"DIE KATAKOMBEN, die gro\u00dfe Fantasy LARP Taverne monatlich im alten Fort in K\u00f6ln (Mai)\"},{\"@type\":\"BreadcrumbList\",\"@id\":\"https:\\\/\\\/shop.larp.net\\\/index.php\\\/product\\\/30-05-2026-die-katakomben-fantasy-larp-abend-im-alten-fort-in-koeln\\\/#breadcrumb\",\"itemListElement\":[{\"@type\":\"ListItem\",\"position\":1,\"name\":\"Home\",\"item\":\"https:\\\/\\\/shop.larp.net\\\/\"},{\"@type\":\"ListItem\",\"position\":2,\"name\":\"Herzlich willkommen im Shop von LARP.net\",\"item\":\"https:\\\/\\\/shop.larp.net\\\/\"},{\"@type\":\"ListItem\",\"position\":3,\"name\":\"30.05.2026: Die KATAKOMBEN (Fantasy LARP Abend im alten Fort in K\u00f6ln)\"}]},{\"@type\":\"WebSite\",\"@id\":\"https:\\\/\\\/shop.larp.net\\\/#website\",\"url\":\"https:\\\/\\\/shop.larp.net\\\/\",\"name\":\"LARP.net Shop\",\"description\":\"LARP Veranstaltungen seit 1995\",\"publisher\":{\"@id\":\"https:\\\/\\\/shop.larp.net\\\/#organization\"},\"potentialAction\":[{\"@type\":\"SearchAction\",\"target\":{\"@type\":\"EntryPoint\",\"urlTemplate\":\"https:\\\/\\\/shop.larp.net\\\/?s={search_term_string}\"},\"query-input\":{\"@type\":\"PropertyValueSpecification\",\"valueRequired\":true,\"valueName\":\"search_term_string\"}}],\"inLanguage\":\"de\"},{\"@type\":\"Organization\",\"@id\":\"https:\\\/\\\/shop.larp.net\\\/#organization\",\"name\":\"LARP.net Shop\",\"url\":\"https:\\\/\\\/shop.larp.net\\\/\",\"logo\":{\"@type\":\"ImageObject\",\"inLanguage\":\"de\",\"@id\":\"https:\\\/\\\/shop.larp.net\\\/#\\\/schema\\\/logo\\\/image\\\/\",\"url\":\"https:\\\/\\\/shop.larp.net\\\/wp-content\\\/uploads\\\/2021\\\/05\\\/cropped-larp-net-portal-logo-xpred.png\",\"contentUrl\":\"https:\\\/\\\/shop.larp.net\\\/wp-content\\\/uploads\\\/2021\\\/05\\\/cropped-larp-net-portal-logo-xpred.png\",\"width\":1370,\"height\":321,\"caption\":\"LARP.net Shop\"},\"image\":{\"@id\":\"https:\\\/\\\/shop.larp.net\\\/#\\\/schema\\\/logo\\\/image\\\/\"}}]}<\/script>\n<!-- \/ Yoast SEO plugin. -->","yoast_head_json":{"title":"30.05.2026: Die KATAKOMBEN (Fantasy LARP Abend im alten Fort in K\u00f6ln)","description":"Fantasy-LARP Abend (LARP Taverne) mit Con-Flair in historischer Location monatlich im tollen Ambiente des alten Forts in K\u00f6ln","robots":{"index":"index","follow":"follow","max-snippet":"max-snippet:-1","max-image-preview":"max-image-preview:large","max-video-preview":"max-video-preview:-1"},"canonical":"https:\/\/shop.larp.net\/index.php\/product\/30-05-2026-die-katakomben-fantasy-larp-abend-im-alten-fort-in-koeln\/","og_locale":"de_DE","og_type":"article","og_title":"DIE KATAKOMBEN - Fantasy LARP Abend im alten Fort in K\u00f6ln","og_description":"Du hast nicht immer Zeit, um ein ganzes Wochenende zu larpen, m\u00f6chtest aber nicht auf Deine Community verzichten, Freunde treffen und einfach einen Abend lang larpen? Mit den KATAKOMBEN bieten wir Dir mit einem LARP Abend im Herzen von K\u00f6ln eine unkomplizierte M\u00f6glichkeit dazu.","og_url":"https:\/\/shop.larp.net\/index.php\/product\/30-05-2026-die-katakomben-fantasy-larp-abend-im-alten-fort-in-koeln\/","og_site_name":"LARP.net Shop","article_modified_time":"2026-04-26T10:15:23+00:00","og_image":[{"width":1640,"height":856,"url":"https:\/\/shop.larp.net\/wp-content\/uploads\/2022\/03\/desktop-wallpaper-die-katakomben-larp-taverne-altes-fort-koeln.jpg","type":"image\/jpeg"}],"twitter_card":"summary_large_image","twitter_title":"DIE KATAKOMBEN \u2013 Fantasy LARP-Abend (Taverne) im alten Fort in K\u00f6ln","twitter_description":"Du hast nicht immer Zeit, um ein ganzes Wochenende zu larpen, m\u00f6chtest aber nicht auf Deine Community verzichten, Freunde treffen und einfach einen Abend lang larpen? Mit den KATAKOMBEN bieten wir Dir mit einem LARP Abend im Herzen von K\u00f6ln eine unkomplizierte M\u00f6glichkeit dazu.","twitter_image":"https:\/\/shop.larp.net\/wp-content\/uploads\/2022\/03\/desktop-wallpaper-die-katakomben-larp-taverne-altes-fort-koeln.jpg","twitter_misc":{"Gesch\u00e4tzte Lesezeit":"3\u00a0Minuten"},"schema":{"@context":"https:\/\/schema.org","@graph":[{"@type":"WebPage","@id":"https:\/\/shop.larp.net\/index.php\/product\/30-05-2026-die-katakomben-fantasy-larp-abend-im-alten-fort-in-koeln\/","url":"https:\/\/shop.larp.net\/index.php\/product\/30-05-2026-die-katakomben-fantasy-larp-abend-im-alten-fort-in-koeln\/","name":"30.05.2026: Die KATAKOMBEN (Fantasy LARP Abend im alten Fort in K\u00f6ln)","isPartOf":{"@id":"https:\/\/shop.larp.net\/#website"},"primaryImageOfPage":{"@id":"https:\/\/shop.larp.net\/index.php\/product\/30-05-2026-die-katakomben-fantasy-larp-abend-im-alten-fort-in-koeln\/#primaryimage"},"image":{"@id":"https:\/\/shop.larp.net\/index.php\/product\/30-05-2026-die-katakomben-fantasy-larp-abend-im-alten-fort-in-koeln\/#primaryimage"},"thumbnailUrl":"https:\/\/shop.larp.net\/wp-content\/uploads\/2022\/10\/die-katakomben-fantasy-larp-abend-im-alten-fort-in-koeln-mai.jpg","datePublished":"2025-10-31T15:38:17+00:00","dateModified":"2026-04-26T10:15:23+00:00","description":"Fantasy-LARP Abend (LARP Taverne) mit Con-Flair in historischer Location monatlich im tollen Ambiente des alten Forts in K\u00f6ln","breadcrumb":{"@id":"https:\/\/shop.larp.net\/index.php\/product\/30-05-2026-die-katakomben-fantasy-larp-abend-im-alten-fort-in-koeln\/#breadcrumb"},"inLanguage":"de","potentialAction":[{"@type":"ReadAction","target":["https:\/\/shop.larp.net\/index.php\/product\/30-05-2026-die-katakomben-fantasy-larp-abend-im-alten-fort-in-koeln\/"]}]},{"@type":"ImageObject","inLanguage":"de","@id":"https:\/\/shop.larp.net\/index.php\/product\/30-05-2026-die-katakomben-fantasy-larp-abend-im-alten-fort-in-koeln\/#primaryimage","url":"https:\/\/shop.larp.net\/wp-content\/uploads\/2022\/10\/die-katakomben-fantasy-larp-abend-im-alten-fort-in-koeln-mai.jpg","contentUrl":"https:\/\/shop.larp.net\/wp-content\/uploads\/2022\/10\/die-katakomben-fantasy-larp-abend-im-alten-fort-in-koeln-mai.jpg","width":1280,"height":1280,"caption":"DIE KATAKOMBEN, die gro\u00dfe Fantasy LARP Taverne monatlich im alten Fort in K\u00f6ln (Mai)"},{"@type":"BreadcrumbList","@id":"https:\/\/shop.larp.net\/index.php\/product\/30-05-2026-die-katakomben-fantasy-larp-abend-im-alten-fort-in-koeln\/#breadcrumb","itemListElement":[{"@type":"ListItem","position":1,"name":"Home","item":"https:\/\/shop.larp.net\/"},{"@type":"ListItem","position":2,"name":"Herzlich willkommen im Shop von LARP.net","item":"https:\/\/shop.larp.net\/"},{"@type":"ListItem","position":3,"name":"30.05.2026: Die KATAKOMBEN (Fantasy LARP Abend im alten Fort in K\u00f6ln)"}]},{"@type":"WebSite","@id":"https:\/\/shop.larp.net\/#website","url":"https:\/\/shop.larp.net\/","name":"LARP.net Shop","description":"LARP Veranstaltungen seit 1995","publisher":{"@id":"https:\/\/shop.larp.net\/#organization"},"potentialAction":[{"@type":"SearchAction","target":{"@type":"EntryPoint","urlTemplate":"https:\/\/shop.larp.net\/?s={search_term_string}"},"query-input":{"@type":"PropertyValueSpecification","valueRequired":true,"valueName":"search_term_string"}}],"inLanguage":"de"},{"@type":"Organization","@id":"https:\/\/shop.larp.net\/#organization","name":"LARP.net Shop","url":"https:\/\/shop.larp.net\/","logo":{"@type":"ImageObject","inLanguage":"de","@id":"https:\/\/shop.larp.net\/#\/schema\/logo\/image\/","url":"https:\/\/shop.larp.net\/wp-content\/uploads\/2021\/05\/cropped-larp-net-portal-logo-xpred.png","contentUrl":"https:\/\/shop.larp.net\/wp-content\/uploads\/2021\/05\/cropped-larp-net-portal-logo-xpred.png","width":1370,"height":321,"caption":"LARP.net Shop"},"image":{"@id":"https:\/\/shop.larp.net\/#\/schema\/logo\/image\/"}}]}},"jetpack_sharing_enabled":true,"_links":{"self":[{"href":"https:\/\/shop.larp.net\/index.php\/wp-json\/wp\/v2\/product\/17109","targetHints":{"allow":["GET"]}}],"collection":[{"href":"https:\/\/shop.larp.net\/index.php\/wp-json\/wp\/v2\/product"}],"about":[{"href":"https:\/\/shop.larp.net\/index.php\/wp-json\/wp\/v2\/types\/product"}],"author":[{"embeddable":true,"href":"https:\/\/shop.larp.net\/index.php\/wp-json\/wp\/v2\/users\/1"}],"wp:featuredmedia":[{"embeddable":true,"href":"https:\/\/shop.larp.net\/index.php\/wp-json\/wp\/v2\/media\/3736"}],"wp:attachment":[{"href":"https:\/\/shop.larp.net\/index.php\/wp-json\/wp\/v2\/media?parent=17109"}],"wp:term":[{"taxonomy":"product_brand","embeddable":true,"href":"https:\/\/shop.larp.net\/index.php\/wp-json\/wp\/v2\/product_brand?post=17109"},{"taxonomy":"product_cat","embeddable":true,"href":"https:\/\/shop.larp.net\/index.php\/wp-json\/wp\/v2\/product_cat?post=17109"},{"taxonomy":"product_tag","embeddable":true,"href":"https:\/\/shop.larp.net\/index.php\/wp-json\/wp\/v2\/product_tag?post=17109"}],"curies":[{"name":"wp","href":"https:\/\/api.w.org\/{rel}","templated":true}]}}